{"id":214,"date":"2024-03-14T11:53:11","date_gmt":"2024-03-14T11:53:11","guid":{"rendered":"https:\/\/parolesdunevie.be\/?page_id=214"},"modified":"2024-07-04T20:55:34","modified_gmt":"2024-07-04T20:55:34","slug":"mentions-legales-rgpd-cgv","status":"publish","type":"page","link":"https:\/\/parolesdunevie.be\/index.php\/mentions-legales-rgpd-cgv\/","title":{"rendered":"Informations juridiques"},"content":{"rendered":"\t\t<div data-elementor-type=\"wp-page\" data-elementor-id=\"214\" class=\"elementor elementor-214\">\n\t\t\t\t<div class=\"elementor-element elementor-element-a5d1b0b e-flex e-con-boxed e-con e-parent\" data-id=\"a5d1b0b\" data-element_type=\"container\" data-settings=\"{&quot;background_background&quot;:&quot;classic&quot;}\">\n\t\t\t\t\t<div class=\"e-con-inner\">\n\t\t\t\t<div class=\"elementor-element elementor-element-7948c30 elementor-invisible elementor-widget elementor-widget-heading\" data-id=\"7948c30\" data-element_type=\"widget\" data-settings=\"{&quot;_animation&quot;:&quot;fadeInUp&quot;}\" data-widget_type=\"heading.default\">\n\t\t\t\t<div class=\"elementor-widget-container\">\n\t\t\t<style>\/*! elementor - v3.21.0 - 08-05-2024 *\/\n.elementor-heading-title{padding:0;margin:0;line-height:1}.elementor-widget-heading .elementor-heading-title[class*=elementor-size-]>a{color:inherit;font-size:inherit;line-height:inherit}.elementor-widget-heading .elementor-heading-title.elementor-size-small{font-size:15px}.elementor-widget-heading .elementor-heading-title.elementor-size-medium{font-size:19px}.elementor-widget-heading .elementor-heading-title.elementor-size-large{font-size:29px}.elementor-widget-heading .elementor-heading-title.elementor-size-xl{font-size:39px}.elementor-widget-heading .elementor-heading-title.elementor-size-xxl{font-size:59px}<\/style><h2 class=\"elementor-heading-title elementor-size-small\">Parce qu'un h\u00e9ritage peut aussi \u00eatre sentimental<\/h2>\t\t<\/div>\n\t\t\t\t<\/div>\n\t\t\t\t\t<\/div>\n\t\t\t\t<\/div>\n\t\t<div class=\"elementor-element elementor-element-fea4163 e-flex e-con-boxed e-con e-parent\" data-id=\"fea4163\" data-element_type=\"container\" data-settings=\"{&quot;background_background&quot;:&quot;classic&quot;}\">\n\t\t\t\t\t<div class=\"e-con-inner\">\n\t\t\t\t<div class=\"elementor-element elementor-element-4e50e81 elementor-widget__width-initial elementor-widget elementor-widget-heading\" data-id=\"4e50e81\" data-element_type=\"widget\" data-widget_type=\"heading.default\">\n\t\t\t\t<div class=\"elementor-widget-container\">\n\t\t\t<h2 class=\"elementor-heading-title elementor-size-default\">1. Mentions l\u00e9gales<\/h2>\t\t<\/div>\n\t\t\t\t<\/div>\n\t\t<div class=\"elementor-element elementor-element-063f126 e-con-full e-flex e-con e-child\" data-id=\"063f126\" data-element_type=\"container\">\n\t\t<div class=\"elementor-element elementor-element-3ef86d5 e-con-full e-flex e-con e-child\" data-id=\"3ef86d5\" data-element_type=\"container\">\n\t\t\t\t<div class=\"elementor-element elementor-element-aac9633 elementor-widget__width-initial elementor-widget elementor-widget-Table\" data-id=\"aac9633\" data-element_type=\"widget\" data-widget_type=\"Table.default\">\n\t\t\t\t<div class=\"elementor-widget-container\">\n\t\t\t\t\t<table class=\"tafe-table\">\n\t\t\t<thead  class=\"tafe-table-header\">\n\t\t\t\t<tr>\n\t\t\t\t\t<th class=\"elementor-inline-editing elementor-repeater-item-bfe26a1\"  colSpan=\"2\" >Accompagnement<\/th>\t\t\t\t<\/tr>\n\t\t\t<\/thead>\n\t\t\t<tbody class=\"tafe-table-body\">\n\t\t\t\t<tr>\n\t\t\t\t\t<td   class=\"elementor-repeater-item-b1052d6\" >Couveuse d\u2019entreprise <\/td><td   class=\"elementor-repeater-item-386ecbf\" >AVOMARC SCRL FS<\/td><\/tr><tr><td   class=\"elementor-repeater-item-8503f71\" >BCE<\/td><td   class=\"elementor-repeater-item-fd44a95\" >0882.041.388<\/td><\/tr><tr><td   class=\"elementor-repeater-item-261bbc7\" >Adresse<\/td><td   class=\"elementor-repeater-item-450c0df\" >Bvd Andr\u00e9 Delvaux 15\/2 7000 Mons<\/td><\/tr><tr><td   class=\"elementor-repeater-item-b1ee6f3\" >Adresse Mail<\/td><td   class=\"elementor-repeater-item-2908e82\" >info@avomarc.be<\/td>\t\t\t\t<\/tr>\n\t\t\t<\/tbody>\n\t\t<\/table>\n\t\t\n\t\t\t\t<\/div>\n\t\t\t\t<\/div>\n\t\t\t\t<\/div>\n\t\t<div class=\"elementor-element elementor-element-808e247 e-con-full e-flex e-con e-child\" data-id=\"808e247\" data-element_type=\"container\">\n\t\t\t\t<div class=\"elementor-element elementor-element-300d7c9 elementor-widget__width-initial elementor-widget elementor-widget-Table\" data-id=\"300d7c9\" data-element_type=\"widget\" data-widget_type=\"Table.default\">\n\t\t\t\t<div class=\"elementor-widget-container\">\n\t\t\t\t\t<table class=\"tafe-table\">\n\t\t\t<thead  class=\"tafe-table-header\">\n\t\t\t\t<tr>\n\t\t\t\t\t<th class=\"elementor-inline-editing elementor-repeater-item-bfe26a1\"  colSpan=\"2\" >Porteur de projet<\/th>\t\t\t\t<\/tr>\n\t\t\t<\/thead>\n\t\t\t<tbody class=\"tafe-table-body\">\n\t\t\t\t<tr>\n\t\t\t\t\t<td   class=\"elementor-repeater-item-b1052d6\" >Nom<\/td><td   class=\"elementor-repeater-item-386ecbf\" >DELPHINE DEBRICHY<\/td><\/tr><tr><td   class=\"elementor-repeater-item-8503f71\" >Adresse<\/td><td   class=\"elementor-repeater-item-fd44a95\" >Rue de Mignault, 5 7062 Naast<\/td><\/tr><tr><td   class=\"elementor-repeater-item-261bbc7\" >Site<\/td><td   class=\"elementor-repeater-item-450c0df\" >https:\/\/parolesdunevie.be<\/td><\/tr><tr><td   class=\"elementor-repeater-item-b1ee6f3\" >Adresse Mail<\/td><td   class=\"elementor-repeater-item-2908e82\" >info@parolesdunevie.be<\/td>\t\t\t\t<\/tr>\n\t\t\t<\/tbody>\n\t\t<\/table>\n\t\t\n\t\t\t\t<\/div>\n\t\t\t\t<\/div>\n\t\t\t\t<\/div>\n\t\t\t\t<div class=\"elementor-element elementor-element-ce42cd1 elementor-widget elementor-widget-text-editor\" data-id=\"ce42cd1\" data-element_type=\"widget\" data-widget_type=\"text-editor.default\">\n\t\t\t\t<div class=\"elementor-widget-container\">\n\t\t\t<style>\/*! elementor - v3.21.0 - 08-05-2024 *\/\n.elementor-widget-text-editor.elementor-drop-cap-view-stacked .elementor-drop-cap{background-color:#69727d;color:#fff}.elementor-widget-text-editor.elementor-drop-cap-view-framed .elementor-drop-cap{color:#69727d;border:3px solid;background-color:transparent}.elementor-widget-text-editor:not(.elementor-drop-cap-view-default) .elementor-drop-cap{margin-top:8px}.elementor-widget-text-editor:not(.elementor-drop-cap-view-default) .elementor-drop-cap-letter{width:1em;height:1em}.elementor-widget-text-editor .elementor-drop-cap{float:left;text-align:center;line-height:1;font-size:50px}.elementor-widget-text-editor .elementor-drop-cap-letter{display:inline-block}<\/style>\t\t\t\t<p>L\u2019h\u00e9bergement du Site est assur\u00e9 par Anagramme SRL , BCE 0471 834 625 si\u00e9geant \u00e0 Rue de Mont (Braibant), 41 \u00e0 5590 Ciney<\/p>\t\t\t\t\t\t<\/div>\n\t\t\t\t<\/div>\n\t\t\t\t<div class=\"elementor-element elementor-element-3cf01be elementor-widget elementor-widget-spacer\" data-id=\"3cf01be\" data-element_type=\"widget\" data-widget_type=\"spacer.default\">\n\t\t\t\t<div class=\"elementor-widget-container\">\n\t\t\t<style>\/*! elementor - v3.21.0 - 08-05-2024 *\/\n.elementor-column .elementor-spacer-inner{height:var(--spacer-size)}.e-con{--container-widget-width:100%}.e-con-inner>.elementor-widget-spacer,.e-con>.elementor-widget-spacer{width:var(--container-widget-width,var(--spacer-size));--align-self:var(--container-widget-align-self,initial);--flex-shrink:0}.e-con-inner>.elementor-widget-spacer>.elementor-widget-container,.e-con>.elementor-widget-spacer>.elementor-widget-container{height:100%;width:100%}.e-con-inner>.elementor-widget-spacer>.elementor-widget-container>.elementor-spacer,.e-con>.elementor-widget-spacer>.elementor-widget-container>.elementor-spacer{height:100%}.e-con-inner>.elementor-widget-spacer>.elementor-widget-container>.elementor-spacer>.elementor-spacer-inner,.e-con>.elementor-widget-spacer>.elementor-widget-container>.elementor-spacer>.elementor-spacer-inner{height:var(--container-widget-height,var(--spacer-size))}.e-con-inner>.elementor-widget-spacer.elementor-widget-empty,.e-con>.elementor-widget-spacer.elementor-widget-empty{position:relative;min-height:22px;min-width:22px}.e-con-inner>.elementor-widget-spacer.elementor-widget-empty .elementor-widget-empty-icon,.e-con>.elementor-widget-spacer.elementor-widget-empty .elementor-widget-empty-icon{position:absolute;top:0;bottom:0;left:0;right:0;margin:auto;padding:0;width:22px;height:22px}<\/style>\t\t<div class=\"elementor-spacer\">\n\t\t\t<div class=\"elementor-spacer-inner\"><\/div>\n\t\t<\/div>\n\t\t\t\t<\/div>\n\t\t\t\t<\/div>\n\t\t\t\t<\/div>\n\t\t\t\t\t<\/div>\n\t\t\t\t<\/div>\n\t\t<div class=\"elementor-element elementor-element-74e1f92 e-flex e-con-boxed e-con e-parent\" data-id=\"74e1f92\" data-element_type=\"container\" data-settings=\"{&quot;background_background&quot;:&quot;classic&quot;}\">\n\t\t\t\t\t<div class=\"e-con-inner\">\n\t\t\t\t<div class=\"elementor-element elementor-element-66107a3 elementor-widget__width-initial elementor-widget elementor-widget-heading\" data-id=\"66107a3\" data-element_type=\"widget\" data-widget_type=\"heading.default\">\n\t\t\t\t<div class=\"elementor-widget-container\">\n\t\t\t<h2 class=\"elementor-heading-title elementor-size-default\">2. Conditions G\u00e9n\u00e9rales de Vente<\/h2>\t\t<\/div>\n\t\t\t\t<\/div>\n\t\t<div class=\"elementor-element elementor-element-72856a7 e-flex e-con-boxed e-con e-child\" data-id=\"72856a7\" data-element_type=\"container\">\n\t\t\t\t\t<div class=\"e-con-inner\">\n\t\t\t\t<div class=\"elementor-element elementor-element-262145b elementor-widget elementor-widget-text-editor\" data-id=\"262145b\" data-element_type=\"widget\" data-widget_type=\"text-editor.default\">\n\t\t\t\t<div class=\"elementor-widget-container\">\n\t\t\t\t\t\t\t<p>Vous pouvez t\u00e9l\u00e9charger nos conditions g\u00e9n\u00e9rales de vente en cliquant sur le bouton suivant :<\/p>\t\t\t\t\t\t<\/div>\n\t\t\t\t<\/div>\n\t\t\t\t<div class=\"elementor-element elementor-element-2c40c7b elementor-align-left elementor-widget elementor-widget-button\" data-id=\"2c40c7b\" data-element_type=\"widget\" data-widget_type=\"button.default\">\n\t\t\t\t<div class=\"elementor-widget-container\">\n\t\t\t\t\t<div class=\"elementor-button-wrapper\">\n\t\t\t<a class=\"elementor-button elementor-size-sm\" role=\"button\">\n\t\t\t\t\t\t<span class=\"elementor-button-content-wrapper\">\n\t\t\t\t\t\t\t\t\t<span class=\"elementor-button-text\">CGV<\/span>\n\t\t\t\t\t<\/span>\n\t\t\t\t\t<\/a>\n\t\t<\/div>\n\t\t\t\t<\/div>\n\t\t\t\t<\/div>\n\t\t\t\t\t<\/div>\n\t\t\t\t<\/div>\n\t\t\t\t<div class=\"elementor-element elementor-element-641b087 elementor-widget elementor-widget-spacer\" data-id=\"641b087\" data-element_type=\"widget\" data-widget_type=\"spacer.default\">\n\t\t\t\t<div class=\"elementor-widget-container\">\n\t\t\t\t\t<div class=\"elementor-spacer\">\n\t\t\t<div class=\"elementor-spacer-inner\"><\/div>\n\t\t<\/div>\n\t\t\t\t<\/div>\n\t\t\t\t<\/div>\n\t\t\t\t\t<\/div>\n\t\t\t\t<\/div>\n\t\t<div class=\"elementor-element elementor-element-a33aff9 e-flex e-con-boxed e-con e-parent\" data-id=\"a33aff9\" data-element_type=\"container\" data-settings=\"{&quot;background_background&quot;:&quot;classic&quot;}\">\n\t\t\t\t\t<div class=\"e-con-inner\">\n\t\t\t\t<div class=\"elementor-element elementor-element-e1d6306 elementor-widget__width-initial elementor-widget elementor-widget-heading\" data-id=\"e1d6306\" data-element_type=\"widget\" data-widget_type=\"heading.default\">\n\t\t\t\t<div class=\"elementor-widget-container\">\n\t\t\t<h2 class=\"elementor-heading-title elementor-size-default\">3. R\u00e8glement G\u00e9n\u00e9ral sur la Protection des Donn\u00e9es<\/h2>\t\t<\/div>\n\t\t\t\t<\/div>\n\t\t<div class=\"elementor-element elementor-element-79f3b89 e-flex e-con-boxed e-con e-child\" data-id=\"79f3b89\" data-element_type=\"container\">\n\t\t\t\t\t<div class=\"e-con-inner\">\n\t\t\t\t<div class=\"elementor-element elementor-element-5613d7d elementor-widget elementor-widget-text-editor\" data-id=\"5613d7d\" data-element_type=\"widget\" data-widget_type=\"text-editor.default\">\n\t\t\t\t<div class=\"elementor-widget-container\">\n\t\t\t\t\t\t\t<p>Vous pouvez t\u00e9l\u00e9charger les conditions de protection de vos donn\u00e9es en cliquant sur le bouton suivant :<\/p>\t\t\t\t\t\t<\/div>\n\t\t\t\t<\/div>\n\t\t\t\t<div class=\"elementor-element elementor-element-269a29a elementor-align-left elementor-widget elementor-widget-button\" data-id=\"269a29a\" data-element_type=\"widget\" data-widget_type=\"button.default\">\n\t\t\t\t<div class=\"elementor-widget-container\">\n\t\t\t\t\t<div class=\"elementor-button-wrapper\">\n\t\t\t<a class=\"elementor-button elementor-size-sm\" role=\"button\">\n\t\t\t\t\t\t<span class=\"elementor-button-content-wrapper\">\n\t\t\t\t\t\t\t\t\t<span class=\"elementor-button-text\">RGPD<\/span>\n\t\t\t\t\t<\/span>\n\t\t\t\t\t<\/a>\n\t\t<\/div>\n\t\t\t\t<\/div>\n\t\t\t\t<\/div>\n\t\t\t\t\t<\/div>\n\t\t\t\t<\/div>\n\t\t\t\t\t<\/div>\n\t\t\t\t<\/div>\n\t\t\t\t<\/div>\n\t\t","protected":false},"excerpt":{"rendered":"<p>Parce qu&rsquo;un h\u00e9ritage peut aussi \u00eatre sentimental 1. Mentions l\u00e9gales Accompagnement Couveuse d\u2019entreprise AVOMARC SCRL FS BCE 0882.041.388 Adresse Bvd Andr\u00e9 Delvaux 15\/2 7000 Mons Adresse Mail info@avomarc.be Porteur de projet Nom DELPHINE DEBRICHY Adresse Rue de Mignault, 5 7062 Naast Site https:\/\/parolesdunevie.be Adresse Mail info@parolesdunevie.be L\u2019h\u00e9bergement du Site est assur\u00e9 par Anagramme SRL , [&hellip;]<\/p>\n","protected":false},"author":1,"featured_media":0,"parent":0,"menu_order":0,"comment_status":"closed","ping_status":"closed","template":"","meta":{"ocean_post_layout":"full-screen","ocean_both_sidebars_style":"","ocean_both_sidebars_content_width":0,"ocean_both_sidebars_sidebars_width":0,"ocean_sidebar":"","ocean_second_sidebar":"","ocean_disable_margins":"enable","ocean_add_body_class":"","ocean_shortcode_before_top_bar":"","ocean_shortcode_after_top_bar":"","ocean_shortcode_before_header":"","ocean_shortcode_after_header":"","ocean_has_shortcode":"","ocean_shortcode_after_title":"","ocean_shortcode_before_footer_widgets":"","ocean_shortcode_after_footer_widgets":"","ocean_shortcode_before_footer_bottom":"","ocean_shortcode_after_footer_bottom":"","ocean_display_top_bar":"default","ocean_display_header":"default","ocean_header_style":"","ocean_center_header_left_menu":"","ocean_custom_header_template":"","ocean_custom_logo":0,"ocean_custom_retina_logo":0,"ocean_custom_logo_max_width":0,"ocean_custom_logo_tablet_max_width":0,"ocean_custom_logo_mobile_max_width":0,"ocean_custom_logo_max_height":0,"ocean_custom_logo_tablet_max_height":0,"ocean_custom_logo_mobile_max_height":0,"ocean_header_custom_menu":"","ocean_menu_typo_font_family":"","ocean_menu_typo_font_subset":"","ocean_menu_typo_font_size":0,"ocean_menu_typo_font_size_tablet":0,"ocean_menu_typo_font_size_mobile":0,"ocean_menu_typo_font_size_unit":"px","ocean_menu_typo_font_weight":"","ocean_menu_typo_font_weight_tablet":"","ocean_menu_typo_font_weight_mobile":"","ocean_menu_typo_transform":"","ocean_menu_typo_transform_tablet":"","ocean_menu_typo_transform_mobile":"","ocean_menu_typo_line_height":0,"ocean_menu_typo_line_height_tablet":0,"ocean_menu_typo_line_height_mobile":0,"ocean_menu_typo_line_height_unit":"","ocean_menu_typo_spacing":0,"ocean_menu_typo_spacing_tablet":0,"ocean_menu_typo_spacing_mobile":0,"ocean_menu_typo_spacing_unit":"","ocean_menu_link_color":"","ocean_menu_link_color_hover":"","ocean_menu_link_color_active":"","ocean_menu_link_background":"","ocean_menu_link_hover_background":"","ocean_menu_link_active_background":"","ocean_menu_social_links_bg":"","ocean_menu_social_hover_links_bg":"","ocean_menu_social_links_color":"","ocean_menu_social_hover_links_color":"","ocean_disable_title":"on","ocean_disable_heading":"default","ocean_post_title":"","ocean_post_subheading":"","ocean_post_title_style":"","ocean_post_title_background_color":"","ocean_post_title_background":0,"ocean_post_title_bg_image_position":"","ocean_post_title_bg_image_attachment":"","ocean_post_title_bg_image_repeat":"","ocean_post_title_bg_image_size":"","ocean_post_title_height":0,"ocean_post_title_bg_overlay":0.5,"ocean_post_title_bg_overlay_color":"","ocean_disable_breadcrumbs":"default","ocean_breadcrumbs_color":"","ocean_breadcrumbs_separator_color":"","ocean_breadcrumbs_links_color":"","ocean_breadcrumbs_links_hover_color":"","ocean_display_footer_widgets":"default","ocean_display_footer_bottom":"default","ocean_custom_footer_template":"","footnotes":""},"class_list":["post-214","page","type-page","status-publish","hentry","entry"],"yoast_head":"<!-- This site is optimized with the Yoast SEO plugin v22.7 - https:\/\/yoast.com\/wordpress\/plugins\/seo\/ -->\n<title>Informations juridiques - Paroles d&#039;une Vie<\/title>\n<meta name=\"description\" content=\"Mentions l\u00e9gales, Conditions G\u00e9n\u00e9rales de Vente et R\u00e8glement G\u00e9n\u00e9ral sur la Protection des Donn\u00e9es.\" \/>\n<meta name=\"robots\" content=\"index, follow, max-snippet:-1, max-image-preview:large, max-video-preview:-1\" \/>\n<link rel=\"canonical\" href=\"https:\/\/parolesdunevie.be\/index.php\/mentions-legales-rgpd-cgv\/\" \/>\n<meta property=\"og:locale\" content=\"fr_FR\" \/>\n<meta property=\"og:type\" content=\"article\" \/>\n<meta property=\"og:title\" content=\"Informations juridiques - Paroles d&#039;une Vie\" \/>\n<meta property=\"og:description\" content=\"Mentions l\u00e9gales, Conditions G\u00e9n\u00e9rales de Vente et R\u00e8glement G\u00e9n\u00e9ral sur la Protection des Donn\u00e9es.\" \/>\n<meta property=\"og:url\" content=\"https:\/\/parolesdunevie.be\/index.php\/mentions-legales-rgpd-cgv\/\" \/>\n<meta property=\"og:site_name\" content=\"Paroles d&#039;une Vie\" \/>\n<meta property=\"article:modified_time\" content=\"2024-07-04T20:55:34+00:00\" \/>\n<meta name=\"twitter:card\" content=\"summary_large_image\" \/>\n<meta name=\"twitter:label1\" content=\"Dur\u00e9e de lecture estim\u00e9e\" \/>\n\t<meta name=\"twitter:data1\" content=\"1 minute\" \/>\n<script type=\"application\/ld+json\" class=\"yoast-schema-graph\">{\"@context\":\"https:\/\/schema.org\",\"@graph\":[{\"@type\":\"WebPage\",\"@id\":\"https:\/\/parolesdunevie.be\/index.php\/mentions-legales-rgpd-cgv\/\",\"url\":\"https:\/\/parolesdunevie.be\/index.php\/mentions-legales-rgpd-cgv\/\",\"name\":\"Informations juridiques - Paroles d&#039;une Vie\",\"isPartOf\":{\"@id\":\"https:\/\/parolesdunevie.be\/#website\"},\"datePublished\":\"2024-03-14T11:53:11+00:00\",\"dateModified\":\"2024-07-04T20:55:34+00:00\",\"description\":\"Mentions l\u00e9gales, Conditions G\u00e9n\u00e9rales de Vente et R\u00e8glement G\u00e9n\u00e9ral sur la Protection des Donn\u00e9es.\",\"breadcrumb\":{\"@id\":\"https:\/\/parolesdunevie.be\/index.php\/mentions-legales-rgpd-cgv\/#breadcrumb\"},\"inLanguage\":\"fr-FR\",\"potentialAction\":[{\"@type\":\"ReadAction\",\"target\":[\"https:\/\/parolesdunevie.be\/index.php\/mentions-legales-rgpd-cgv\/\"]}]},{\"@type\":\"BreadcrumbList\",\"@id\":\"https:\/\/parolesdunevie.be\/index.php\/mentions-legales-rgpd-cgv\/#breadcrumb\",\"itemListElement\":[{\"@type\":\"ListItem\",\"position\":1,\"name\":\"Accueil\",\"item\":\"https:\/\/parolesdunevie.be\/\"},{\"@type\":\"ListItem\",\"position\":2,\"name\":\"Informations juridiques\"}]},{\"@type\":\"WebSite\",\"@id\":\"https:\/\/parolesdunevie.be\/#website\",\"url\":\"https:\/\/parolesdunevie.be\/\",\"name\":\"Paroles d&#039;une Vie\",\"description\":\"Votre r\u00e9cit de vie sous forme d&#039;un podcast\",\"publisher\":{\"@id\":\"https:\/\/parolesdunevie.be\/#organization\"},\"potentialAction\":[{\"@type\":\"SearchAction\",\"target\":{\"@type\":\"EntryPoint\",\"urlTemplate\":\"https:\/\/parolesdunevie.be\/?s={search_term_string}\"},\"query-input\":\"required name=search_term_string\"}],\"inLanguage\":\"fr-FR\"},{\"@type\":\"Organization\",\"@id\":\"https:\/\/parolesdunevie.be\/#organization\",\"name\":\"Paroles d&#039;une Vie\",\"url\":\"https:\/\/parolesdunevie.be\/\",\"logo\":{\"@type\":\"ImageObject\",\"inLanguage\":\"fr-FR\",\"@id\":\"https:\/\/parolesdunevie.be\/#\/schema\/logo\/image\/\",\"url\":\"https:\/\/parolesdunevie.be\/wp-content\/uploads\/2023\/12\/cropped-Paroles-dune-vie-fine-police-trsprt.png\",\"contentUrl\":\"https:\/\/parolesdunevie.be\/wp-content\/uploads\/2023\/12\/cropped-Paroles-dune-vie-fine-police-trsprt.png\",\"width\":500,\"height\":500,\"caption\":\"Paroles d&#039;une Vie\"},\"image\":{\"@id\":\"https:\/\/parolesdunevie.be\/#\/schema\/logo\/image\/\"}}]}<\/script>\n<!-- \/ Yoast SEO plugin. -->","yoast_head_json":{"title":"Informations juridiques - Paroles d&#039;une Vie","description":"Mentions l\u00e9gales, Conditions G\u00e9n\u00e9rales de Vente et R\u00e8glement G\u00e9n\u00e9ral sur la Protection des Donn\u00e9es.","robots":{"index":"index","follow":"follow","max-snippet":"max-snippet:-1","max-image-preview":"max-image-preview:large","max-video-preview":"max-video-preview:-1"},"canonical":"https:\/\/parolesdunevie.be\/index.php\/mentions-legales-rgpd-cgv\/","og_locale":"fr_FR","og_type":"article","og_title":"Informations juridiques - Paroles d&#039;une Vie","og_description":"Mentions l\u00e9gales, Conditions G\u00e9n\u00e9rales de Vente et R\u00e8glement G\u00e9n\u00e9ral sur la Protection des Donn\u00e9es.","og_url":"https:\/\/parolesdunevie.be\/index.php\/mentions-legales-rgpd-cgv\/","og_site_name":"Paroles d&#039;une Vie","article_modified_time":"2024-07-04T20:55:34+00:00","twitter_card":"summary_large_image","twitter_misc":{"Dur\u00e9e de lecture estim\u00e9e":"1 minute"},"schema":{"@context":"https:\/\/schema.org","@graph":[{"@type":"WebPage","@id":"https:\/\/parolesdunevie.be\/index.php\/mentions-legales-rgpd-cgv\/","url":"https:\/\/parolesdunevie.be\/index.php\/mentions-legales-rgpd-cgv\/","name":"Informations juridiques - Paroles d&#039;une Vie","isPartOf":{"@id":"https:\/\/parolesdunevie.be\/#website"},"datePublished":"2024-03-14T11:53:11+00:00","dateModified":"2024-07-04T20:55:34+00:00","description":"Mentions l\u00e9gales, Conditions G\u00e9n\u00e9rales de Vente et R\u00e8glement G\u00e9n\u00e9ral sur la Protection des Donn\u00e9es.","breadcrumb":{"@id":"https:\/\/parolesdunevie.be\/index.php\/mentions-legales-rgpd-cgv\/#breadcrumb"},"inLanguage":"fr-FR","potentialAction":[{"@type":"ReadAction","target":["https:\/\/parolesdunevie.be\/index.php\/mentions-legales-rgpd-cgv\/"]}]},{"@type":"BreadcrumbList","@id":"https:\/\/parolesdunevie.be\/index.php\/mentions-legales-rgpd-cgv\/#breadcrumb","itemListElement":[{"@type":"ListItem","position":1,"name":"Accueil","item":"https:\/\/parolesdunevie.be\/"},{"@type":"ListItem","position":2,"name":"Informations juridiques"}]},{"@type":"WebSite","@id":"https:\/\/parolesdunevie.be\/#website","url":"https:\/\/parolesdunevie.be\/","name":"Paroles d&#039;une Vie","description":"Votre r\u00e9cit de vie sous forme d&#039;un podcast","publisher":{"@id":"https:\/\/parolesdunevie.be\/#organization"},"potentialAction":[{"@type":"SearchAction","target":{"@type":"EntryPoint","urlTemplate":"https:\/\/parolesdunevie.be\/?s={search_term_string}"},"query-input":"required name=search_term_string"}],"inLanguage":"fr-FR"},{"@type":"Organization","@id":"https:\/\/parolesdunevie.be\/#organization","name":"Paroles d&#039;une Vie","url":"https:\/\/parolesdunevie.be\/","logo":{"@type":"ImageObject","inLanguage":"fr-FR","@id":"https:\/\/parolesdunevie.be\/#\/schema\/logo\/image\/","url":"https:\/\/parolesdunevie.be\/wp-content\/uploads\/2023\/12\/cropped-Paroles-dune-vie-fine-police-trsprt.png","contentUrl":"https:\/\/parolesdunevie.be\/wp-content\/uploads\/2023\/12\/cropped-Paroles-dune-vie-fine-police-trsprt.png","width":500,"height":500,"caption":"Paroles d&#039;une Vie"},"image":{"@id":"https:\/\/parolesdunevie.be\/#\/schema\/logo\/image\/"}}]}},"_links":{"self":[{"href":"https:\/\/parolesdunevie.be\/index.php\/wp-json\/wp\/v2\/pages\/214","targetHints":{"allow":["GET"]}}],"collection":[{"href":"https:\/\/parolesdunevie.be\/index.php\/wp-json\/wp\/v2\/pages"}],"about":[{"href":"https:\/\/parolesdunevie.be\/index.php\/wp-json\/wp\/v2\/types\/page"}],"author":[{"embeddable":true,"href":"https:\/\/parolesdunevie.be\/index.php\/wp-json\/wp\/v2\/users\/1"}],"replies":[{"embeddable":true,"href":"https:\/\/parolesdunevie.be\/index.php\/wp-json\/wp\/v2\/comments?post=214"}],"version-history":[{"count":172,"href":"https:\/\/parolesdunevie.be\/index.php\/wp-json\/wp\/v2\/pages\/214\/revisions"}],"predecessor-version":[{"id":1370,"href":"https:\/\/parolesdunevie.be\/index.php\/wp-json\/wp\/v2\/pages\/214\/revisions\/1370"}],"wp:attachment":[{"href":"https:\/\/parolesdunevie.be\/index.php\/wp-json\/wp\/v2\/media?parent=214"}],"curies":[{"name":"wp","href":"https:\/\/api.w.org\/{rel}","templated":true}]}}